{"id":94566,"date":"2023-12-08T13:35:38","date_gmt":"2023-12-08T13:35:38","guid":{"rendered":"https:\/\/tienda.fapostolsantiago.org\/?post_type=product&#038;p=94566"},"modified":"2026-03-31T16:26:18","modified_gmt":"2026-03-31T16:26:18","slug":"club-22-jacket-men-copia","status":"publish","type":"product","link":"https:\/\/tienda.fapostolsantiago.org\/index.php\/producto\/club-22-jacket-men-copia\/","title":{"rendered":"CHAQUETA CLUB M"},"content":{"rendered":"<p><strong>Tejido principal<\/strong><br \/>\n100% poli\u00e9ster, sarga 2\/2 de tela transpirable<br \/>\n<strong>Revestimiento<\/strong><br \/>\nWH: 100% poli\u00e9ster, malla<br \/>\n<strong>Forma<\/strong><br \/>\nregular<\/p>\n","protected":false},"excerpt":{"rendered":"<p>La CLUB 22 JACKET para hombre proporciona un estilo moderno y deportivo. Para una comodidad \u00f3ptima, la chaqueta est\u00e1 dise\u00f1ada con la tecnolog\u00eda Moisture Transfer Microfiber de HEAD, que ofrece un efecto refrescante y permite que el material se seque r\u00e1pidamente. La comodidad tambi\u00e9n se ve reforzada por el ribete el\u00e1stico en el dobladillo inferior, el dobladillo de la manga y el cuello. Adem\u00e1s de una cremallera one-way con protecci\u00f3n para la barbilla en el centro de la parte delantera, la chaqueta tiene bolsillos para las manos con dos cremalleras, y una cremallera interior para abrir el forro de mesh dentro del cuerpo.<\/p>\n","protected":false},"featured_media":94875,"template":"","meta":[],"product_brand":[],"product_cat":[251,233],"product_tag":[],"class_list":{"0":"post-94566","1":"product","2":"type-product","3":"status-publish","4":"has-post-thumbnail","6":"product_cat-hombres-chaquetas-y-sudaderas","7":"product_cat-moda-hombre","8":"description-off","10":"first","11":"instock","12":"taxable","13":"shipping-taxable","14":"purchasable","15":"product-type-variable"},"bundled_by":["94839","94852","94859","94864","95007","95735","97327","97336"],"bundle_stock_status":"instock","bundle_stock_quantity":null,"bundle_virtual":false,"bundle_layout":"","bundle_add_to_cart_form_location":"","bundle_editable_in_cart":false,"bundle_sold_individually_context":"","bundle_item_grouping":"","bundle_min_size":"","bundle_max_size":"","bundle_price":[],"bundled_items":[],"bundle_sell_ids":[],"aioseo_notices":[],"jetpack_sharing_enabled":true,"_links":{"self":[{"href":"https:\/\/tienda.fapostolsantiago.org\/index.php\/wp-json\/wp\/v2\/product\/94566","targetHints":{"allow":["GET"]}}],"collection":[{"href":"https:\/\/tienda.fapostolsantiago.org\/index.php\/wp-json\/wp\/v2\/product"}],"about":[{"href":"https:\/\/tienda.fapostolsantiago.org\/index.php\/wp-json\/wp\/v2\/types\/product"}],"version-history":[{"count":8,"href":"https:\/\/tienda.fapostolsantiago.org\/index.php\/wp-json\/wp\/v2\/product\/94566\/revisions"}],"predecessor-version":[{"id":99624,"href":"https:\/\/tienda.fapostolsantiago.org\/index.php\/wp-json\/wp\/v2\/product\/94566\/revisions\/99624"}],"wp:featuredmedia":[{"embeddable":true,"href":"https:\/\/tienda.fapostolsantiago.org\/index.php\/wp-json\/wp\/v2\/media\/94875"}],"wp:attachment":[{"href":"https:\/\/tienda.fapostolsantiago.org\/index.php\/wp-json\/wp\/v2\/media?parent=94566"}],"wp:term":[{"taxonomy":"product_brand","embeddable":true,"href":"https:\/\/tienda.fapostolsantiago.org\/index.php\/wp-json\/wp\/v2\/product_brand?post=94566"},{"taxonomy":"product_cat","embeddable":true,"href":"https:\/\/tienda.fapostolsantiago.org\/index.php\/wp-json\/wp\/v2\/product_cat?post=94566"},{"taxonomy":"product_tag","embeddable":true,"href":"https:\/\/tienda.fapostolsantiago.org\/index.php\/wp-json\/wp\/v2\/product_tag?post=94566"}],"curies":[{"name":"wp","href":"https:\/\/api.w.org\/{rel}","templated":true}]}}