{"id":94802,"date":"2023-12-10T12:33:36","date_gmt":"2023-12-10T12:33:36","guid":{"rendered":"https:\/\/tienda.fapostolsantiago.org\/?post_type=product&#038;p=94802"},"modified":"2026-04-15T14:46:01","modified_gmt":"2026-04-15T14:46:01","slug":"club-bermudas-b","status":"publish","type":"product","link":"https:\/\/tienda.fapostolsantiago.org\/index.php\/producto\/club-bermudas-b\/","title":{"rendered":"BERMUDAS CLUB JR"},"content":{"rendered":"<p><strong>Tejido principal<\/strong><\/p>\n<p>100% poli\u00e9ster, sarga 2\/2 de tela transpirable<\/p>\n<p><strong>2\u00baMaterial<\/strong><\/p>\n<p>100% poli\u00e9ster, malla lisa<\/p>\n<p><strong>Revestimiento<\/strong><\/p>\n<p>WH: 100% poli\u00e9ster, malla<\/p>\n<p><strong>Forma<\/strong><\/p>\n<p>Regular<\/p>\n","protected":false},"excerpt":{"rendered":"<p>Comodidad y dise\u00f1o original para tu club. Los bermudas Club, con un corte ligeramente m\u00e1s largo de lo normal, presentan una mezcla de materiales que resulta c\u00f3moda y transpirable. Con bolsillos laterales y cintura el\u00e1stica para mayor comodidad, est\u00e1n disponibles en siete colores distintos. Los bermudas Club son el complemento perfecto para las salidas en equipo.<\/p>\n","protected":false},"featured_media":94957,"template":"","meta":[],"product_brand":[],"product_cat":[290,294,293],"product_tag":[],"class_list":{"0":"post-94802","1":"product","2":"type-product","3":"status-publish","4":"has-post-thumbnail","6":"product_cat-moda-infantil","7":"product_cat-ninas-pantalones","8":"product_cat-ninos-pantalones","9":"description-off","11":"first","12":"instock","13":"taxable","14":"shipping-taxable","15":"purchasable","16":"product-type-variable"},"bundled_by":["95002","95018"],"bundle_stock_status":"instock","bundle_stock_quantity":null,"bundle_virtual":false,"bundle_layout":"","bundle_add_to_cart_form_location":"","bundle_editable_in_cart":false,"bundle_sold_individually_context":"","bundle_item_grouping":"","bundle_min_size":"","bundle_max_size":"","bundle_price":[],"bundled_items":[],"bundle_sell_ids":[],"aioseo_notices":[],"jetpack_sharing_enabled":true,"_links":{"self":[{"href":"https:\/\/tienda.fapostolsantiago.org\/index.php\/wp-json\/wp\/v2\/product\/94802","targetHints":{"allow":["GET"]}}],"collection":[{"href":"https:\/\/tienda.fapostolsantiago.org\/index.php\/wp-json\/wp\/v2\/product"}],"about":[{"href":"https:\/\/tienda.fapostolsantiago.org\/index.php\/wp-json\/wp\/v2\/types\/product"}],"version-history":[{"count":5,"href":"https:\/\/tienda.fapostolsantiago.org\/index.php\/wp-json\/wp\/v2\/product\/94802\/revisions"}],"predecessor-version":[{"id":98853,"href":"https:\/\/tienda.fapostolsantiago.org\/index.php\/wp-json\/wp\/v2\/product\/94802\/revisions\/98853"}],"wp:featuredmedia":[{"embeddable":true,"href":"https:\/\/tienda.fapostolsantiago.org\/index.php\/wp-json\/wp\/v2\/media\/94957"}],"wp:attachment":[{"href":"https:\/\/tienda.fapostolsantiago.org\/index.php\/wp-json\/wp\/v2\/media?parent=94802"}],"wp:term":[{"taxonomy":"product_brand","embeddable":true,"href":"https:\/\/tienda.fapostolsantiago.org\/index.php\/wp-json\/wp\/v2\/product_brand?post=94802"},{"taxonomy":"product_cat","embeddable":true,"href":"https:\/\/tienda.fapostolsantiago.org\/index.php\/wp-json\/wp\/v2\/product_cat?post=94802"},{"taxonomy":"product_tag","embeddable":true,"href":"https:\/\/tienda.fapostolsantiago.org\/index.php\/wp-json\/wp\/v2\/product_tag?post=94802"}],"curies":[{"name":"wp","href":"https:\/\/api.w.org\/{rel}","templated":true}]}}