{"id":95479,"date":"2024-01-31T13:22:04","date_gmt":"2024-01-31T13:22:04","guid":{"rendered":"https:\/\/tienda.fapostolsantiago.org\/?post_type=product&#038;p=95479"},"modified":"2024-01-31T13:31:16","modified_gmt":"2024-01-31T13:31:16","slug":"pro-x-racquet-bag-l","status":"publish","type":"product","link":"https:\/\/tienda.fapostolsantiago.org\/index.php\/producto\/pro-x-racquet-bag-l\/","title":{"rendered":"PRO X RACQUET BAG L"},"content":{"rendered":"<div class=\"mt-4 text-justify\">\n<p style=\"font-weight: 400;\">Colores<\/p>\n<p style=\"font-weight: 400;\">corduroy white\/black<\/p>\n<p style=\"font-weight: 400;\">Volumen (l)<\/p>\n<p style=\"font-weight: 400;\">85<\/p>\n<p style=\"font-weight: 400;\">Dimensiones<\/p>\n<p style=\"font-weight: 400;\">80*35*35.5<\/p>\n<p style=\"font-weight: 400;\">Composici\u00f3n exterior<\/p>\n<p style=\"font-weight: 400;\">45% Polyester \/ 55% PU<\/p>\n<p style=\"font-weight: 400;\">Composici\u00f3n interior<\/p>\n<p style=\"font-weight: 400;\">65% Polyester \/ 35% TPE<\/p>\n<p style=\"font-weight: 400;\">\n<\/div>\n","protected":false},"excerpt":{"rendered":"<p style=\"font-weight: 400;\">El nuevo dise\u00f1o pr\u00e9mium en blanco roto de la bolsa de tenis PRO X RACQUET BAG L YUBK incorpora la firma y el logotipo de Novak Djokovic, adem\u00e1s de un estampado con la palabra SPEED. La distinguida forma con bordes redondeados a\u00f1ade un atractivo pr\u00e9mium a la bolsa, que est\u00e1 pensada para seguidores de Djokovic y jugadores que eligen la serie de raquetas SPEED recomendada por \u00e9l, y para cualquier jugador comprometido con el alto rendimiento.<\/p>\n<p style=\"font-weight: 400;\">Podr\u00e1s llevar hasta 9 raquetas en esta bolsa, que incorpora la tecnolog\u00eda CCT+ de control t\u00e9rmico para protegerlas de temperaturas extremas. Algo m\u00e1s peque\u00f1a que su hermana mayor, la PRO X RACQUET BAG XL YUBK, la PRO X RACQUET BAG L YUBK ofrece gran capacidad de almacenamiento con dos compartimentos, as\u00ed como un bolsillo interior y dos bolsillos exteriores. Gracias a su sistema de transporte de mochila, puedes llevar la bolsa de tenis DJOKOVIC 9R SUPERCOMBI c\u00f3modamente colgada al hombro o en la espalda. Como ejemplo de c\u00f3mo HEAD est\u00e1 tratando de reducir el uso de pl\u00e1stico, la etiqueta est\u00e1 hecha de papel reciclado y unida a la bolsa con un cordel de c\u00e1\u00f1amo.<\/p>\n<ul>\n<li style=\"font-weight: 400;\">Nuevo dise\u00f1o pr\u00e9mium<\/li>\n<li style=\"font-weight: 400;\">Amplia, con espacio para hasta 9 raquetas<\/li>\n<li style=\"font-weight: 400;\">La tecnolog\u00eda CCT+ protege las raquetas de los cambios de temperatura<\/li>\n<li style=\"font-weight: 400;\">Etiqueta hecha con papel reciclado y cordel de c\u00e1\u00f1amo<\/li>\n<\/ul>\n","protected":false},"featured_media":95480,"template":"","meta":[],"product_brand":[],"product_cat":[196,312],"product_tag":[],"class_list":{"0":"post-95479","1":"product","2":"type-product","3":"status-publish","4":"has-post-thumbnail","6":"product_cat-accesorios","7":"product_cat-bolsos-y-mochilas","8":"pa_color-orange","9":"description-off","11":"first","12":"instock","13":"taxable","14":"shipping-taxable","15":"purchasable","16":"product-type-simple"},"bundled_by":[],"bundle_stock_status":"instock","bundle_stock_quantity":1,"bundle_virtual":false,"bundle_layout":"","bundle_add_to_cart_form_location":"","bundle_editable_in_cart":false,"bundle_sold_individually_context":"","bundle_item_grouping":"","bundle_min_size":"","bundle_max_size":"","bundle_price":[],"bundled_items":[],"bundle_sell_ids":[],"aioseo_notices":[],"jetpack_sharing_enabled":true,"_links":{"self":[{"href":"https:\/\/tienda.fapostolsantiago.org\/index.php\/wp-json\/wp\/v2\/product\/95479","targetHints":{"allow":["GET"]}}],"collection":[{"href":"https:\/\/tienda.fapostolsantiago.org\/index.php\/wp-json\/wp\/v2\/product"}],"about":[{"href":"https:\/\/tienda.fapostolsantiago.org\/index.php\/wp-json\/wp\/v2\/types\/product"}],"version-history":[{"count":2,"href":"https:\/\/tienda.fapostolsantiago.org\/index.php\/wp-json\/wp\/v2\/product\/95479\/revisions"}],"predecessor-version":[{"id":95484,"href":"https:\/\/tienda.fapostolsantiago.org\/index.php\/wp-json\/wp\/v2\/product\/95479\/revisions\/95484"}],"wp:featuredmedia":[{"embeddable":true,"href":"https:\/\/tienda.fapostolsantiago.org\/index.php\/wp-json\/wp\/v2\/media\/95480"}],"wp:attachment":[{"href":"https:\/\/tienda.fapostolsantiago.org\/index.php\/wp-json\/wp\/v2\/media?parent=95479"}],"wp:term":[{"taxonomy":"product_brand","embeddable":true,"href":"https:\/\/tienda.fapostolsantiago.org\/index.php\/wp-json\/wp\/v2\/product_brand?post=95479"},{"taxonomy":"product_cat","embeddable":true,"href":"https:\/\/tienda.fapostolsantiago.org\/index.php\/wp-json\/wp\/v2\/product_cat?post=95479"},{"taxonomy":"product_tag","embeddable":true,"href":"https:\/\/tienda.fapostolsantiago.org\/index.php\/wp-json\/wp\/v2\/product_tag?post=95479"}],"curies":[{"name":"wp","href":"https:\/\/api.w.org\/{rel}","templated":true}]}}