{"id":95599,"date":"2024-01-31T23:43:21","date_gmt":"2024-01-31T23:43:21","guid":{"rendered":"https:\/\/tienda.fapostolsantiago.org\/?post_type=product&#038;p=95599"},"modified":"2024-05-07T10:23:41","modified_gmt":"2024-05-07T10:23:41","slug":"pala-padel-mach-v2","status":"publish","type":"product","link":"https:\/\/tienda.fapostolsantiago.org\/index.php\/producto\/pala-padel-mach-v2\/","title":{"rendered":"PALA PADEL MACH V2"},"content":{"rendered":"<div class=\"mt-4 text-justify\">\n<p><strong>Balance<\/strong><\/p>\n<p>Neutro<\/p>\n<p><strong>Composici\u00f3n<\/strong><\/p>\n<p>Goma: Eva Balance<\/p>\n<p>Marco: Carbon Tech<\/p>\n<p>Cara: Carbon Tech<\/p>\n<p><strong>Forma<\/strong><\/p>\n<p>Diamante<\/p>\n<p><strong>Grosor<\/strong><\/p>\n<p>38 mm<\/p>\n<p><strong>Peso aproximado<\/strong><\/p>\n<p>360-370 g<\/p>\n<p><strong>Nivel<\/strong><\/p>\n<p>Avanzado<\/p>\n<p><strong>Tecnolog\u00eda<\/strong><\/p>\n<p>Triple Threat, Power Core, Aero Profile, V-Core, Shot Spin<\/p>\n<\/div>\n<p>&nbsp;<\/p>\n<div class=\"mt-4 text-justify\">\n<p>&nbsp;<\/p>\n<\/div>\n","protected":false},"excerpt":{"rendered":"<p>La Prince MACH v2 pertenece a la nueva generaci\u00f3n de palas de p\u00e1del de la m\u00e1s alta gama. Para jugadores de nivel PRO y\/o INTENSIVO que buscan una pala muy c\u00f3moda y manejable. Con la nueva goma EVA BALANCE consigue una POTENCIA EQUILIBRADA. \u201cPOTENCIA Y CONTROL, todo en uno\u201d Es la pala m\u00e1s polivalente y manejable de la colecci\u00f3n. La Nueva Tecnolog\u00eda TRIPLE THREAT formada por 3 estabilizadores (uno en el coraz\u00f3n, otro a las 2 y otro a las 10) mejora la estabilidad y la inercia, reforzando tambi\u00e9n la estructura del conjunto. Incorpora el nuevo sistema SHOT SPIN para dar m\u00e1s efecto a tu juego. Un relieve en 3D de puntos conc\u00e9ntricos en las 2 caras de la pala que aumenta la rugosidad e incrementa el efecto o SPIN que se transmite a la bola.<\/p>\n","protected":false},"featured_media":95601,"template":"","meta":[],"product_brand":[],"product_cat":[196,310],"product_tag":[],"class_list":{"0":"post-95599","1":"product","2":"type-product","3":"status-publish","4":"has-post-thumbnail","6":"product_cat-accesorios","7":"product_cat-palas-padel","8":"pa_color-orange","9":"description-off","11":"first","12":"instock","13":"taxable","14":"shipping-taxable","15":"purchasable","16":"product-type-simple"},"bundled_by":[],"bundle_stock_status":"instock","bundle_stock_quantity":2,"bundle_virtual":false,"bundle_layout":"","bundle_add_to_cart_form_location":"","bundle_editable_in_cart":false,"bundle_sold_individually_context":"","bundle_item_grouping":"","bundle_min_size":"","bundle_max_size":"","bundle_price":[],"bundled_items":[],"bundle_sell_ids":[],"aioseo_notices":[],"jetpack_sharing_enabled":true,"_links":{"self":[{"href":"https:\/\/tienda.fapostolsantiago.org\/index.php\/wp-json\/wp\/v2\/product\/95599","targetHints":{"allow":["GET"]}}],"collection":[{"href":"https:\/\/tienda.fapostolsantiago.org\/index.php\/wp-json\/wp\/v2\/product"}],"about":[{"href":"https:\/\/tienda.fapostolsantiago.org\/index.php\/wp-json\/wp\/v2\/types\/product"}],"version-history":[{"count":2,"href":"https:\/\/tienda.fapostolsantiago.org\/index.php\/wp-json\/wp\/v2\/product\/95599\/revisions"}],"predecessor-version":[{"id":95604,"href":"https:\/\/tienda.fapostolsantiago.org\/index.php\/wp-json\/wp\/v2\/product\/95599\/revisions\/95604"}],"wp:featuredmedia":[{"embeddable":true,"href":"https:\/\/tienda.fapostolsantiago.org\/index.php\/wp-json\/wp\/v2\/media\/95601"}],"wp:attachment":[{"href":"https:\/\/tienda.fapostolsantiago.org\/index.php\/wp-json\/wp\/v2\/media?parent=95599"}],"wp:term":[{"taxonomy":"product_brand","embeddable":true,"href":"https:\/\/tienda.fapostolsantiago.org\/index.php\/wp-json\/wp\/v2\/product_brand?post=95599"},{"taxonomy":"product_cat","embeddable":true,"href":"https:\/\/tienda.fapostolsantiago.org\/index.php\/wp-json\/wp\/v2\/product_cat?post=95599"},{"taxonomy":"product_tag","embeddable":true,"href":"https:\/\/tienda.fapostolsantiago.org\/index.php\/wp-json\/wp\/v2\/product_tag?post=95599"}],"curies":[{"name":"wp","href":"https:\/\/api.w.org\/{rel}","templated":true}]}}