{"id":95616,"date":"2024-02-01T00:01:00","date_gmt":"2024-02-01T00:01:00","guid":{"rendered":"https:\/\/tienda.fapostolsantiago.org\/?post_type=product&#038;p=95616"},"modified":"2024-05-07T10:22:38","modified_gmt":"2024-05-07T10:22:38","slug":"pala-premier-v2-2","status":"publish","type":"product","link":"https:\/\/tienda.fapostolsantiago.org\/index.php\/producto\/pala-premier-v2-2\/","title":{"rendered":"PALA ARMOR v2"},"content":{"rendered":"<div class=\"mt-4 text-justify\">\n<p><strong>Balance<\/strong><\/p>\n<p>Potencia<\/p>\n<p><strong>Composici\u00f3n<\/strong><\/p>\n<p>Goma: Eva Super-Soft<\/p>\n<p>Marco: Carbon Tech<\/p>\n<p>Cara: Carbon Tech<\/p>\n<p><strong>Forma<\/strong><\/p>\n<p>Diamante<\/p>\n<p><strong>Grosor<\/strong><\/p>\n<p>38 mm<\/p>\n<p><strong>Peso aproximado<\/strong><\/p>\n<p>350-365 g<\/p>\n<p><strong>Nivel<\/strong><\/p>\n<p>Intermedio<\/p>\n<p><strong>Tecnolog\u00eda<\/strong><\/p>\n<p>Pro EVO, V-Core, ESF Spin<\/p>\n<\/div>\n<p>&nbsp;<\/p>\n<div class=\"mt-4 text-justify\">\n<p>&nbsp;<\/p>\n<\/div>\n","protected":false},"excerpt":{"rendered":"<p>La Prince ARMOR v2 pertenece a la nueva generaci\u00f3n de palas de p\u00e1del de alta gama. Para jugadores de nivel INTENSIVO que buscan una pala potente y c\u00f3moda. Con la goma EVA SUPER SOFT consigue tu POTENCIA M\u00c1S EXPLOSIVA. Cara texturizada con ESF SPIN para dar m\u00e1s efecto a tu juego. Incorpora una mu\u00f1equera P-WRISTBAND que mantiene el sudor lejos de tu mano. HAZ TU JUEGO EXPLOSIVO. \u00a1No lo dudes!<\/p>\n","protected":false},"featured_media":95617,"template":"","meta":[],"product_brand":[],"product_cat":[196,310],"product_tag":[],"class_list":{"0":"post-95616","1":"product","2":"type-product","3":"status-publish","4":"has-post-thumbnail","6":"product_cat-accesorios","7":"product_cat-palas-padel","8":"pa_color-orange","9":"description-off","11":"first","12":"instock","13":"taxable","14":"shipping-taxable","15":"purchasable","16":"product-type-simple"},"bundled_by":[],"bundle_stock_status":"instock","bundle_stock_quantity":2,"bundle_virtual":false,"bundle_layout":"","bundle_add_to_cart_form_location":"","bundle_editable_in_cart":false,"bundle_sold_individually_context":"","bundle_item_grouping":"","bundle_min_size":"","bundle_max_size":"","bundle_price":[],"bundled_items":[],"bundle_sell_ids":[],"aioseo_notices":[],"jetpack_sharing_enabled":true,"_links":{"self":[{"href":"https:\/\/tienda.fapostolsantiago.org\/index.php\/wp-json\/wp\/v2\/product\/95616","targetHints":{"allow":["GET"]}}],"collection":[{"href":"https:\/\/tienda.fapostolsantiago.org\/index.php\/wp-json\/wp\/v2\/product"}],"about":[{"href":"https:\/\/tienda.fapostolsantiago.org\/index.php\/wp-json\/wp\/v2\/types\/product"}],"version-history":[{"count":2,"href":"https:\/\/tienda.fapostolsantiago.org\/index.php\/wp-json\/wp\/v2\/product\/95616\/revisions"}],"predecessor-version":[{"id":95622,"href":"https:\/\/tienda.fapostolsantiago.org\/index.php\/wp-json\/wp\/v2\/product\/95616\/revisions\/95622"}],"wp:featuredmedia":[{"embeddable":true,"href":"https:\/\/tienda.fapostolsantiago.org\/index.php\/wp-json\/wp\/v2\/media\/95617"}],"wp:attachment":[{"href":"https:\/\/tienda.fapostolsantiago.org\/index.php\/wp-json\/wp\/v2\/media?parent=95616"}],"wp:term":[{"taxonomy":"product_brand","embeddable":true,"href":"https:\/\/tienda.fapostolsantiago.org\/index.php\/wp-json\/wp\/v2\/product_brand?post=95616"},{"taxonomy":"product_cat","embeddable":true,"href":"https:\/\/tienda.fapostolsantiago.org\/index.php\/wp-json\/wp\/v2\/product_cat?post=95616"},{"taxonomy":"product_tag","embeddable":true,"href":"https:\/\/tienda.fapostolsantiago.org\/index.php\/wp-json\/wp\/v2\/product_tag?post=95616"}],"curies":[{"name":"wp","href":"https:\/\/api.w.org\/{rel}","templated":true}]}}