{"id":95648,"date":"2024-02-01T06:24:38","date_gmt":"2024-02-01T06:24:38","guid":{"rendered":"https:\/\/tienda.fapostolsantiago.org\/?post_type=product&#038;p=95648"},"modified":"2024-05-07T10:21:30","modified_gmt":"2024-05-07T10:21:30","slug":"softee-summit-royal-power-blue","status":"publish","type":"product","link":"https:\/\/tienda.fapostolsantiago.org\/index.php\/producto\/softee-summit-royal-power-blue\/","title":{"rendered":"SOFTEE SUMMIT ROYAL POWER BLUE"},"content":{"rendered":"<ul>\n<li>Cuenta con carbono 3k tanto en la zona del marco como en los planos, que aumenta su resistencia.<\/li>\n<li>Posee rugosidad en las caras, que permiten una mejor adherencia de la bola para mayor precisi\u00f3n de los tiros.<\/li>\n<li>Tiene una tecnolog\u00eda antivibraci\u00f3n para un juego menos da\u00f1ino, ya que evita posibles lesiones en los codos o mu\u00f1eca.<\/li>\n<li>Con una suave goma EVA en el n\u00facleo, que proporciona sensaciones m\u00e1s suaves, gracias a su espuma blanda.<\/li>\n<li>Es una pala polivalente que aporta un buen equilibrio para realizar movimientos m\u00e1s potentes.\n<p style=\"font-weight: 400;\">\n<\/li>\n<\/ul>\n<p>&nbsp;<\/p>\n<p style=\"font-weight: 400;\">Color: Azul<\/p>\n<p style=\"font-weight: 400;\">Balance: Alto, Medio<\/p>\n<p style=\"font-weight: 400;\">N\u00facleo: Soft Eva<\/p>\n<p style=\"font-weight: 400;\">Cara: Carbono 3k<\/p>\n<p style=\"font-weight: 400;\">Formato: Normal<\/p>\n<p style=\"font-weight: 400;\">Nivel de Juego: Avanzado \/ Competici\u00f3n<\/p>\n<p style=\"font-weight: 400;\">Acabado: Relieve 3d<\/p>\n<p style=\"font-weight: 400;\">Forma: L\u00e1grima<\/p>\n<p style=\"font-weight: 400;\">Superf\u00edcie: Rugosa<\/p>\n<p style=\"font-weight: 400;\">Jugador: Hombre, Mujer<\/p>\n<p>&nbsp;<\/p>\n","protected":false},"excerpt":{"rendered":"<p style=\"font-weight: 400;\">La pala de p\u00e1del Softee Summit Royal Power proporciona una gran fuerza y control en todos sus movimientos. Ideal para destacar en la pista. Hecha con materiales de gran calidad.<\/p>\n","protected":false},"featured_media":95649,"template":"","meta":[],"product_brand":[],"product_cat":[196,310],"product_tag":[],"class_list":{"0":"post-95648","1":"product","2":"type-product","3":"status-publish","4":"has-post-thumbnail","6":"product_cat-accesorios","7":"product_cat-palas-padel","8":"pa_color-orange","9":"description-off","11":"first","12":"instock","13":"taxable","14":"shipping-taxable","15":"purchasable","16":"product-type-simple"},"bundled_by":[],"bundle_stock_status":"instock","bundle_stock_quantity":4,"bundle_virtual":false,"bundle_layout":"","bundle_add_to_cart_form_location":"","bundle_editable_in_cart":false,"bundle_sold_individually_context":"","bundle_item_grouping":"","bundle_min_size":"","bundle_max_size":"","bundle_price":[],"bundled_items":[],"bundle_sell_ids":[],"aioseo_notices":[],"jetpack_sharing_enabled":true,"_links":{"self":[{"href":"https:\/\/tienda.fapostolsantiago.org\/index.php\/wp-json\/wp\/v2\/product\/95648","targetHints":{"allow":["GET"]}}],"collection":[{"href":"https:\/\/tienda.fapostolsantiago.org\/index.php\/wp-json\/wp\/v2\/product"}],"about":[{"href":"https:\/\/tienda.fapostolsantiago.org\/index.php\/wp-json\/wp\/v2\/types\/product"}],"version-history":[{"count":2,"href":"https:\/\/tienda.fapostolsantiago.org\/index.php\/wp-json\/wp\/v2\/product\/95648\/revisions"}],"predecessor-version":[{"id":95656,"href":"https:\/\/tienda.fapostolsantiago.org\/index.php\/wp-json\/wp\/v2\/product\/95648\/revisions\/95656"}],"wp:featuredmedia":[{"embeddable":true,"href":"https:\/\/tienda.fapostolsantiago.org\/index.php\/wp-json\/wp\/v2\/media\/95649"}],"wp:attachment":[{"href":"https:\/\/tienda.fapostolsantiago.org\/index.php\/wp-json\/wp\/v2\/media?parent=95648"}],"wp:term":[{"taxonomy":"product_brand","embeddable":true,"href":"https:\/\/tienda.fapostolsantiago.org\/index.php\/wp-json\/wp\/v2\/product_brand?post=95648"},{"taxonomy":"product_cat","embeddable":true,"href":"https:\/\/tienda.fapostolsantiago.org\/index.php\/wp-json\/wp\/v2\/product_cat?post=95648"},{"taxonomy":"product_tag","embeddable":true,"href":"https:\/\/tienda.fapostolsantiago.org\/index.php\/wp-json\/wp\/v2\/product_tag?post=95648"}],"curies":[{"name":"wp","href":"https:\/\/api.w.org\/{rel}","templated":true}]}}